011?
1100110001000000
In base 8, what is -101104 + 1?
-101103
In base 12, what is 1318 + -11?
1307
In base 11, what is 4 + 6a749a?
6a74a3
In base 9, what is 353 - 14803?
-14440
In base 14, what is 184032 - 0?
184032
In base 4, what is -122 - -1333202?
1333020
In base 2, what is 1000 + -1111101101101011?
-1111101101100011
In base 10, what is -2 + 2032?
2030
In base 4, what is 11 + 1133201?
1133212
In base 5, what is -1402 + -22322?
-24224
In base 15, what is -52589 + -3?
-5258c
In base 8, what is 2 - -127516?
127520
In base 12, what is -2 + -14054?
-14056
In base 5, what is 21342223 - -4?
21342232
In base 15, what is 227 - 18c?
8a
In base 13, what is 10 + 23?
33
In base 15, what is -aa90 - 5?
-aa95
In base 14, what is -26 - 3cb6?
-3cdc
In base 15, what is 2ac9 - -45?
2b1e
In base 8, what is -30 - -251322?
251272
In base 2, what is -11000 - 100010110?
-100101110
In base 15, what is -55843 - -3?
-55840
In base 4, what is 321233 - -31?
321330
In base 15, what is -96d4d - -6?
-96d47
In base 12, what is 17 - 160a?
-15b3
In base 2, what is 10 + -100001001010111100?
-100001001010111010
In base 8, what is -35 + 2041?
2004
In base 10, what is 41 - -19692?
19733
In base 9, what is 33 + -1423?
-1380
In base 12, what is -1470947 - 1?
-1470948
In base 15, what is -4 - -49005?
49001
In base 6, what is 24 + 311554?
312022
In base 16, what is -20 - -31f?
2ff
In base 16, what is -3283 + -104?
-3387
In base 7, what is 32 - 6046?
-6014
In base 15, what is 1a7344 + 3?
1a7347
In base 2, what is 11100100101101010 + 101?
11100100101101111
In base 7, what is -2365 - -4336?
1641
In base 3, what is -1102 + -10120012?
-10121121
In base 14, what is 11bc + 19?
11d7
In base 12, what is -370b - -1aa?
-3521
In base 15, what is 10b1c6 - 0?
10b1c6
In base 12, what is -615 - -18?
-5b9
In base 15, what is -3382 + -5?
-3387
In base 3, what is 1222222101011 + -11?
1222222101000
In base 11, what is 10 + -248a?
-247a
In base 13, what is -42a99 + 0?
-42a99
In base 9, what is 11033 - -11?
11044
In base 12, what is 5 + -1611a?
-16115
In base 14, what is -5 + 237b6?
237b1
In base 5, what is 32443 - -103?
33101
In base 2, what is -101 + 10111001111111100?
10111001111110111
In base 2, what is -101 - 11001101101111010?
-11001101101111111
In base 4, what is 302130 + -12230?
223300
In base 5, what is -1 - -13134213?
13134212
In base 3, what is -121102 - 2201?
-201010
In base 15, what is -5 - -43bd?
43b8
In base 2, what is 1011010010000 + 1110011?
1011100000011
In base 6, what is -1 - 100251?
-100252
In base 5, what is -22 + 1421210?
1421133
In base 14, what is -1a3c - -195?
-1887
In base 5, what is 1114444 - -424?
1120423
In base 2, what is 10000110 - -100100101?
110101011
In base 9, what is -1 + 851?
850
In base 13, what is 3 - 19959?
-19956
In base 3, what is -110211 - 20201?
-201112
In base 7, what is 5201033 + 3?
5201036
In base 3, what is 11 + -200200010?
-200122222
In base 9, what is 1862 - 2?
1860
In base 3, what is -2110 + 11022?
1212
In base 7, what is -11033 + -15?
-11051
In base 9, what is -2407 + 37?
-2360
In base 3, what is 211220121222 - 10?
211220121212
In base 5, what is 302044440 + 3?
302044443
In base 12, what is -2 + -2233a?
-22340
In base 14, what is 5 + 37516?
3751b
In base 10, what is 31598 + 4?
31602
In base 16, what is 0 + 2aa24?
2aa24
In base 12, what is 15 + 138a?
13a3
In base 5, what is -1 - 330411?
-330412
In base 14, what is -16a6b - 4?
-16a71
In base 6, what is -1341123 - -31?
-1341052
In base 14, what is -2 - -11b5b?
11b59
In base 13, what is -c03 + -12?
-c15
In base 12, what is -44 + -1385?
-1409
In base 14, what is 2 - -1bb320?
1bb322
In base 10, what is -625 + 1184?
559
In base 11, what is 6392 - -7?
6399
In base 11, what is -3 - 3145?
-3148
In base 16, what is 1692 - -a5?
1737
In base 4, what is -321 - 30221?
-31202
In base 2, what is -1010100101100010010 - -101?
-1010100101100001101
In base 14, what is -2424a + -a?
-24256
In base 6, what is -11025500 - 12?
-11025512
In base 5, what is -10 + 41120?
41110
In base 10, what is 14270 - -1?
14271
In base 6, what is -252 - 2535?
-3231
In base 6, what is 14554030 - -5?
14554035
In base 7, what is -1446114 + 3?
-1446111
In base 11, what is 13491 - -2?
13493
In base 8, what is -73 - 663?
-756
In base 5, what is -110 - 2044?
-2204
In base 4, what is 2333330 + -12?
2333312
In base 3, what is -221010010 + -12?
-221010022
In base 15, what is 7c2 + -11?
7b1
In base 11, what is 56 + -72?
-17
In base 9, what is 7 + -15117?
-15110
In base 11, what is -4a - 794?
-833
In base 12, what is 49 + 587?
614
In base 4, what is 10012103111 - 3?
10012103102
In base 2, what is -1000001101 + -10111?
-1000100100
In base 8, what is 0 - 20733?
-20733
In base 13, what is 8814 - -2?
8816
In base 2, what is -10011111100 + -10010111?
-10110010011
In base 8, what is -400 - -77?
-301
In base 14, what is 0 - -31535?
31535
In base 13, what is a2 + 504b?
5120
In base 8, what is -12701 + -7?
-12710
In base 5, what is 20030144 - -1?
20030200
In base 3, what is 1120111001 - 11?
1120110220
In base 9, what is 178 + 4421?
4610
In base 4, what is -13301120 + 220?
-13300300
In base 6, what is -4 - 43002422?
-43002430
In base 4, what is 20311 + 3?
20320
In base 12, what is -1055 + 47?
-100a
In base 10, what is 0 - -1101642?
1101642
In base 4, what is 1 + 2101320023?
2101320030
In base 2, what is 110000011010 + -1000?
110000010010
In base 16, what is -1f - 204a?
-2069
In base 10, what is 9 + -34443?
-34434
In base 4, what is -1312013021 - -3?
-1312013012
In base 11, what is 2649 + 20?
2669
In base 11, what is 2776 + -8?
2769
In base 4, what is 200211 - 2031?
132120
In base 16, what is 0 - 26c2?
-26c2
In base 5, what is 2112010 - 2?
2112003
In base 4, what is 3130133 + -3032?
3121101
In base 9, what is -715542 - 2?
-715544
In base 11, what is 1a8 - -1367?
1564
In base 15, what is 1b55 + -b?
1b49
In base 14, what is -d5dd6 + 2?
-d5dd4
In base 9, what is 0 + 1211303?
1211303
In base 13, what is 4 + -686?
-682
In base 2, what is 101001100 - 1100111?
11100101
In base 14, what is 1a + 9c7?
a03
In base 8, what is -310 - 40263?
-40573
In base 4, what is -323322133 - 0?
-323322133
In base 16, what is -24447 - 2?
-24449
In base 5, what is 30 + -2412143?
-2412113
In base 15, what is 13 - -4a8?
4bb
In base 8, what is -4 + -747523?
-747527
In base 15, what is 2a1 - -12?
2b3
In base 12, what is -12 - 14053?
-14065
In base 13, what is 0 - -32a3?
32a3
In base 5, what is 104420044 - -4?
104420103
In base 15, what is -3 - 522?
-525
In base 4, what is 321 + -1020?
-33
In base 5, what is 21 + -1202141?
-1202120
In base 6, what is -1103 - -213021?
211514
In base 16, what is b30e + 3?
b311
In base 15, what is -278 + ba?
-1ad
In base 7, what is 612311 - -4?
612315
In base 11, what is -8033 - -8?
-8026
In base 9, what is -288642 - -1?
-288641
In base 15, what is -a - -355?
34a
In base 5, what is 32 + -20040?
-20003
In base 3, what is 101010 + -222?
100011
In base 15, what is 1 - 3a9c9?
-3a9c8
In base 7, what is 20314204 - 0?
20314204
In base 3, what is 2 - 1010010?
-1010001
In base 3, what is 120 + -100201002?
-100200112
In base 2, what is 10 - 1010001001101101111?
-1010001001101101101
In base 3, what is 1100102022120 - -11?
1100102022201
In base 5, what is -2130 - 13044?
-20224
In base 7, what is 0 + 3335?
3335
In base 13, what is -bc5 + a5?
-b20
In base 15, what is 2 - -3cb19?
3cb1b
In base 15, what is -2d6 - b?
-2e2
In base 10, what is 54610 - -13?
54623
In base 15, what is -d7c0 - 6?
-d7c6
In base 3, what is 1121112020 - -10001?
1121122021
In base 5, what is 13 + -130023?
-130010
In base 5, what is 14010104 + 2?
14010111
In base 3, what is -10111022 - -121001?
-2220021
In base 15, what is -3 - -7659?
7656
In base 6, what is -3412 + 1044?
-2324
In base 9, what is 10623 + -61?
10552
In base 10, what is -19392 + -40?
-19432
In base 4, what is 11 - 2202223231?
-2202223220
In base 15, what is 8 - -46a?
473
In base 6, what is 1111 - -2252?
3403
In base 16, what is -1f - -1b15?
1af6
In base 15, what is -3d7 - 14?
-3eb
In base 5, what is -4443 - -220?
-4223
In base 3, what is -201002 - -10122022?
2221020
In base 10, what is -1 - 24841?
-24842
In base 16, what is -286a + 4?
-2866
In base 6, what is 0 + 340505?
340505
In base 16, what is 70 + -1f8?
-188
In base 11, what is -1622 + -2